
212303
What is 92dc (base 15) in base 16?
7938
What is -1000001110 (base 2) in base 10?
-526
-d7b6 (base 15) to base 5
-2424441
What is -1000110100000011 (base 2) in base 14?
-d227
Convert -14233 (base 5) to base 6.
-5305
Convert -3431 (base 13) to base 16.
-1c8b
16 (base 10) to base 4
100
Convert -11011110101111 (base 2) to base 3.
-201112222
What is 3000 (base 5) in base 7?
1044
-10212 (base 3) to base 14
-76
What is 735 (base 8) in base 5?
3402
16a (base 12) to base 8
342
What is -21220 (base 3) in base 5?
-1323
What is -360 (base 8) in base 5?
-1430
1211352 (base 6) to base 9
106535
Convert -2301 (base 4) to base 14.
-c9
Convert -10654 (base 7) to base 5.
-41414
22220 (base 4) to base 11
569
What is 3ee (base 15) in base 5?
12044
What is 5a3 (base 13) in base 3?
1100020
What is -2143 (base 5) in base 8?
-452
What is -100010100 (base 2) in base 15?
-136
5a30 (base 15) to base 12
b116
-11e3 (base 15) to base 11
-2957
What is -32411 (base 7) in base 13?
-38b7
1441 (base 9) to base 5
13330
Convert -1ac (base 13) to base 2.
-100110111
Convert -20014 (base 5) to base 14.
-65d
-335 (base 15) to base 5
-10400
-84a (base 12) to base 16
-4ba
Convert 1100101100 (base 2) to base 7.
2240
Convert -1246 (base 13) to base 9.
-3501
6491 (base 10) to base 6
50015
1011 (base 7) to base 8
537
29b (base 15) to base 16
254
What is 115710 (base 9) in base 14?
1b63d
-22441 (base 8) to base 7
-36466
Convert 52105 (base 7) to base 8.
30711
Convert -970 (base 12) to base 8.
-2544
23674 (base 10) to base 4
11301322
What is -20121222 (base 4) in base 6?
-423150
Convert -8250 (base 10) to base 12.
-4936
What is -241525 (base 6) in base 11?
-14987
What is 1 (base 6) in base 8?
1
-11001101110110 (base 2) to base 11
-9997
384 (base 15) to base 4
30133
What is 6b3 (base 15) in base 16?
5ee
Convert 122323 (base 4) to base 5.
23343
-888 (base 13) to base 4
-112320
Convert 1370 (base 9) to base 7.
3006
What is -13210 (base 4) in base 5?
-3414
1670 (base 8) to base 11
796
3124 (base 9) to base 12
13aa
Convert 12449 (base 10) to base 9.
18062
Convert 1265 (base 8) to base 13.
414
Convert 26 (base 14) to base 7.
46
What is -5a (base 14) in base 2?
-1010000
4444 (base 9) to base 3
11111111
150 (base 16) to base 12
240
What is 10016 (base 8) in base 13?
1b42
-4146 (base 8) to base 11
-1685
Convert -3074 (base 9) to base 6.
-14234
Convert -4400 (base 6) to base 7.
-2640
Convert 143531 (base 6) to base 3.
200221101
Convert 35431 (base 6) to base 10.
5131
810 (base 10) to base 2
1100101010
Convert -10205 (base 10) to base 13.
-4850
Convert 1 (base 4) to base 11.
1
Convert -8a6 (base 12) to base 11.
-a62
What is 323 (base 4) in base 5?
214
What is 1023332 (base 4) in base 7?
20114
What is -100 (base 7) in base 12?
-41
What is -3ed (base 16) in base 6?
-4353
Convert 10111111111 (base 2) to base 9.
2085
9800 (base 13) to base 12
10285
Convert 300213 (base 4) to base 3.
11021020
What is -4006 (base 10) in base 14?
-1662
What is 366 (base 11) in base 8?
663
Convert 1655 (base 9) to base 11.
a50
Convert 72b (base 13) to base 6.
5352
21445 (base 9) to base 12
8288
What is 5d5 (base 16) in base 11?
1138
2320020 (base 4) to base 3
121011110
Convert -554 (base 15) to base 5.
-14304
What is -16553 (base 7) in base 6?
-33542
What is 100000000010010 (base 2) in base 3?
211111111
What is 129c (base 13) in base 7?
10524
Convert -4915 (base 10) to base 3.
-20202001
What is -1002221012 (base 3) in base 15?
-66eb
Convert -358a (base 12) to base 4.
-1131322
Convert 1300030 (base 5) to base 6.
311451
Convert -2240 (base 15) to base 11.
-5500
24212 (base 6) to base 11
2725
What is -526 (base 10) in base 3?
-201111
What is 10011101000010 (base 2) in base 13?
4761
Convert -3899 (base 15) to base 13.
-5655
What is -3bb7 (base 13) in base 4?
-2012120
What is -2015a (base 13) in base 8?
-160026
Convert -2136 (base 7) to base 3.
-1001020
-110 (base 2) to base 5
-11
What is -13b5 (base 12) in base 7?
-6461
130223 (base 6) to base 4
2313213
Convert 2a5 (base 12) to base 8.
635
What is 42303 (base 5) in base 16?
b0c
10011100 (base 2) to base 15
a6
-21332 (base 5) to base 9
-2010
421310 (base 5) to base 16
3683
What is 11d (base 14) in base 13?
142
Convert 21464 (base 8) to base 11.
6853
-40434 (base 5) to base 8
-5073
What is -298 (base 15) in base 12?
-415
Convert 20221 (base 4) to base 2.
1000101001
Convert -2000220222 (base 3) to base 12.
-1b208
What is 13c06 (base 13) in base 14?
d7a2
What is -23e (base 15) in base 3?
-200212
Convert 191 (base 11) to base 10.
221
-5377 (base 15) to base 12
-a27a
Convert -1202213 (base 4) to base 3.
-22122202
-313515 (base 6) to base 15
-7828
Convert -5120 (base 7) to base 2.
-11011110010
-198a8 (base 11) to base 12
-1404a
8b0 (base 14) to base 10
1722
What is 1102230 (base 4) in base 8?
12254
Convert 3147 (base 8) to base 4.
121213
Convert -357 (base 11) to base 3.
-120202
What is 22 (base 13) in base 10?
28
1751 (base 8) to base 4
33221
What is -4424 (base 6) in base 7?
-2662
What is 10100110 (base 2) in base 13?
ca
Convert -1aa8 (base 12) to base 3.
-11112002
4140 (base 6) to base 4
32130
Convert 1430 (base 7) to base 14.
2c0
What is -11324 (base 6) in base 14?
-84c
Convert -330 (base 13) to base 12.
-396
Convert 13231 (base 6) to base 16.
7f3
Convert -1100111000000 (base 2) to base 9.
-10034
What is -2d18 (base 15) in base 5?
-302243
What is 230 (base 11) in base 7?
542
Convert -1864 (base 11) to base 7.
-6623
What is 4a10 (base 12) in base 10?
8364
5b9 (base 16) to base 12
a21
Convert 321002 (base 4) to base 9.
5005
Convert -210120 (base 5) to base 11.
-5212
10001001010 (base 2) to base 4
101022
Convert -101001110 (base 2) to base 5.
-2314
What is -8c71 (base 16) in base 14?
-d161
Convert -16a7 (base 12) to base 16.
-a9f
1423 (base 11) to base 2
11100110000
-137 (base 15) to base 12
-1b1
Convert -3fdd (base 16) to base 3.
-211102112
What is 4411 (base 7) in base 16?
628
2343 (base 13) to base 14
1b40
-27d (base 15) to base 3
-210001
Convert 120 (base 9) to base 8.
143
-4477 (base 13) to base 7
-36610
What is -202350 (base 7) in base 2?
-1000011010110010
What is 1000111010000 (base 2) in base 6?
33040
755 (base 12) to base 16
431
Convert -c851 (base 13) to base 3.
-1102002222
What is 3066 (base 9) in base 6?
14223
What is 26524 (base 7) in base 2?
1101111010011
Convert -1426 (base 9) to base 7.
-3066
What is 1647 (base 12) in base 3?
10122001
What is -38a96 (base 11) in base 9?
-84585
3524 (base 9) to base 8
5066
-676 (base 10) to base 15
-301
Convert 3849 (base 14) to base 16.
2689
-5f86 (base 16) to base 10
-24454
What is -10c1 (base 16) in base 8?
-10301
What is 22444 (base 5) in base 12?
b34
What is 135 (base 6) in base 12?
4b
-11110100111 (base 2) to base 8
-3647
What is -5a0 (base 11) in base 12?
-4b7
500a (base 14) to base 12
7b42
-22320 (base 5) to base 15
-70a
173 (base 9) to base 2
10010011
What is -21674 (base 8) in base 3?
-110112211
What is 357 (base 11) in base 10?
425
Convert -48c (base 14) to base 5.
-12113
-154 (base 14) to base 4
-10032
What is 100011000 (base 2) in base 8?
430
Convert -6ab0 (base 14) to base 4.
-10202102
Convert 5b1d (base 15) to base 8.
45662
-169 (base 15) to base 6
-1300
What is -1132213 (base 5) in base 13?
-96b3
What is 19e5 (base 15) in base 3?
21200222
What is 132110 (base 4) in base 2?
11110010100
10110001111 (base 2) to base 6
10331
-4222 (base 6) to base 10
-950
-1110011110 (base 2) to base 8
-1636
-33355 (base 6) to base 14
-19c3
Convert -505 (base 9) to base 11.
-343
What is -14023 (base 9) in base 13?
-4428
133111 (base 5) to base 10
5406
101100101101 (base 2) to base 8
5455
Convert -1c6 (base 13) to base 7.
-652
What is -10330 (base 6) in base 13?
-855
-10302312 (base 4) to base 7
-111153
What is -31023 (base 7) in base 9?
-11333
Convert -235 (base 8) to base 4.
-2131
-112320 (base 4) to base 7
-4161
What is 456 (base 11) in base 9?
665
What is 22323 (base 4) in base 7?
2016
What is 34c5 (base 13) in base 16?
1d04
Convert 20220221 (base 3) to base 2.
1001110110111
1001100011 (base 2) to base 5
4421
Convert 86237 (base 9) to base 14.
16b18
1524 (base 8) to base 12
5b0
Convert 2687 (base 9) to base 4.
133213
What is -1511 (base 9) in base 3?
-1120101
What is -143110 (base 6) in base 14?
-4d90
Convert -1124 (base 5) to b